uppose -72 - 12 = -2*u. What is the highest common divisor of u and p?
6
Let k = 158 + -107. Let b(m) = -203*m - 7. Let s(j) = 201*j + 6. Let q(r) = 4*b(r) + 3*s(r). Let h be q(-2). Calculate the greatest common factor of k and h.
51
Suppose 275 = -2*c + 3*c. Suppose -12 + 8 = -w. Let k = 21 + w. Calculate the greatest common factor of k and c.
25
Let d = 2896 + -2542. Calculate the greatest common divisor of d and 590.
118
Suppose 2*d - 15 = -p - d, -15 = 5*d. Let z(n) = n**3 - 20*n**2 - 299*n + 6050. Let c be z(19). What is the greatest common factor of c and p?
8
Suppose 3*i + 3*j + 7 - 1 = 0, -3*j = 4*i + 6. Suppose 4*y - 304 + 172 = i. Calculate the greatest common factor of y and 55.
11
Suppose -101*k = -234*k + 2660. Calculate the greatest common divisor of k and 752.
4
Let x be (-1)/2*54/(-1). Let y = 58945 - 58270. Calculate the highest common factor of y and x.
27
Suppose -4*d = -d - 36. Let w(r) = -3*r + 15. Let o(v) = -7*v + 29. Let p(g) = -4*o(g) + 7*w(g). Let q be p(2). What is the highest common divisor of q and d?
3
Suppose -2*m + 60 = -4*t, -72 = -2*m - 4*t + 2*t. Suppose 200 = m*p - 9*p. What is the greatest common factor of 42 and p?
2
Let i(m) = -2*m**3 + 7*m**2 + 18. Let q be i(-6). Suppose -54 = 696*l - q*l. Suppose 0 = -g - 2*g + 45. Calculate the highest common factor of l and g.
3
Let f(k) be the first derivative of -k**2 + 2/3*k**3 - 4 - 2*k. Let s be f(3). Calculate the highest common divisor of 40 and s.
10
Suppose 3*f + 5*t = 13238 - 234, -2*t = -14. What is the greatest common factor of 99 and f?
33
Suppose -33 + 63 = -5*r, -6*p + 2*r = -10380. What is the greatest common divisor of p and 270?
54
Let d = -4841 - -5020. What is the greatest common divisor of d and 4?
1
Let b = -8222 - -8265. Let o be 3267/4 - (-1)/4. Calculate the highest common factor of o and b.
43
Let t(v) = -46*v + 908. Let g be t(-16). Calculate the highest common factor of g and 12.
12
Suppose 0 = -2*i - 4*t - 20, 4*i - 1 = 5*t + 24. Suppose 2*y - 4*q + 3*q - 173 = 0, -3*q + 3 = i. Calculate the highest common factor of y and 145.
29
Let k be 2/7 + 18/(-63). Let n be (-8 - 8)*(k - (-3)/(-2)). Let h be 2/3 - ((-3520)/n)/5. What is the greatest common factor of 330 and h?
30
Suppose 0 = -605*z + 601*z + 88. Let r = 74 - 67. Let m = r - -4. What is the greatest common factor of m and z?
11
Suppose 0 = -94*z + 88*z + 52*z - 4048. Calculate the greatest common divisor of z and 200.
8
Suppose -69 - 36 = -21*c. Suppose c*h + 2*o = h + 36, 3*h - 25 = -o. Let f be (-212)/(-6) + (-14)/42. What is the highest common factor of f and h?
7
Suppose 82*h - 212988 = 54906. Calculate the highest common factor of 81 and h.
27
Suppose 69*n - 66*n = 108. Suppose 2*f - n = f. Suppose 8*z - 28 = f. What is the highest common divisor of 4 and z?
4
Suppose -34*s + 18624 + 79296 = 0. Calculate the highest common factor of 45 and s.
45
Suppose -296 = -4*d - 10*t, 0 = -2*t - 6 + 18. What is the greatest common divisor of d and 17?
1
Suppose -22*y - 12*y - 7*y = -6765. Calculate the greatest common divisor of 957 and y.
33
Let w = 2099 - 1553. What is the highest common divisor of w and 5278?
182
Let q = -35246 - -35321. What is the greatest common divisor of q and 2655?
15
Let w(s) = 70*s + 20. Suppose 0 = 5*x + c + 497, -3*c - 2 + 11 = 0. Let o = 103 + x. Let r be w(o). What is the greatest common divisor of 92 and r?
46
Let a(p) = 2*p**2 + 20*p + 8. Let n be a(-28). Suppose -3*b + 1076 - n = 0. What is the greatest common divisor of b and 8?
4
Let l be (-6 - 140/(-21))*135. Let p = 20 - 2. What is the highest common factor of p and l?
18
Suppose 16132 = 2*d + 35*d. Let f = d - 328. Calculate the greatest common factor of f and 144.
36
Suppose -3*b = 12*x - 90, 5*x + 126 - 1 = 5*b. Calculate the greatest common factor of b and 9022.
26
Suppose 62 = q - 5*i, 4*q - 5*i + 124 = 402. What is the highest common divisor of 5 and q?
1
Let b(l) = 3*l**3 - 273*l**2 - 277*l + 127. Let p be b(92). What is the highest common divisor of p and 17605?
35
Let a be 3 + -5 - (-9 - -3). Let i be a*3/2 - -109. Calculate the highest common factor of 46 and i.
23
Let b = 3 + -1. Suppose 0 = 4*s - 12, -10 = b*n + 3*s - 3. Let r(v) = -v**3 - 6*v**2 + 8*v + 2. Let f be r(n). Calculate the highest common divisor of f and 6.
6
Suppose 4*g - 19*i = -17*i - 66, 0 = 5*i - 5. Let c be (-4)/g + 2 + (-2613)/(-12). What is the highest common factor of c and 77?
11
Suppose t = 9*q - 4*q + 39676, -4*t + 158536 = q. What is the highest common divisor of 54 and t?
54
Let a be (0 - (-932)/18) + 1830/8235. Suppose 0 = -4*m + p + p - 124, 2*m + 46 = 5*p. Let k = a + m. What is the highest common divisor of 57 and k?
19
Let q be ((-4956)/(-672))/(4/16) + 2/4. Let v be (-5 - -10)*72/10. What is the greatest common factor of v and q?
6
Let p be (11/2 - -2)*14. Suppose -59*v = -56*v + 72. Let m be (-3 - (-20)/16)/(1/v). What is the greatest common factor of p and m?
21
Let z be 2 - (-2 + 4) - 0. Suppose -2*k = 0, 4*k = -z*i - 5*i + 10. Suppose 8 = i*y, 3*c = -0*c - 2*y + 65. Calculate the greatest common factor of c and 152.
19
Let y = 17 + 16. Let v be (-3)/(-12)*(-3 - -7). Let p be (352/48)/(v/18). Calculate the highest common divisor of y and p.
33
Let j = 7383 - 6590. What is the greatest common factor of 122 and j?
61
Suppose 9*b + 12584 = o + 5*b, -o + 12608 = 2*b. Calculate the highest common divisor of o and 14.
14
Suppose -12*c = -3*c - 45. Suppose -c*g + g = 2*g. Let b be 63 - g*(3 - 4). What is the highest common factor of 18 and b?
9
Let m(n) = -187*n**3 - n - 2. Let w be m(-1). Suppose -20 = 182*y - w*y. Calculate the highest common factor of 265 and y.
5
Suppose 5*j - 2 = 4*f + 14, 5*j + 16 = -4*f. Let r be f/(12/57) + (-2)/(-2). Let a be (2/12)/1 + (-69)/r. What is the highest common divisor of a and 8?
4
Let l be 2/4*-1502*-1. Let o = l - 742. Calculate the greatest common divisor of o and 15.
3
Let u = -699 - -1213. Let z = u + -509. Calculate the greatest common divisor of z and 85.
5
Let p be 1/((-3)/(-459)) - (-1 - -1). What is the highest common factor of 425 and p?
17
Suppose 0 = 194*o - 172*o - 528. Calculate the highest common divisor of 1112 and o.
8
Let a(u) = 50*u**2 + u + 1. Let c be a(-1). Suppose 0 = 6*n - 691 + 79. Let r = n - c. What is the highest common factor of 13 and r?
13
Let i(m) = 2*m**2 + 3*m - 1. Suppose 24 = -3*s - 2*s - 3*q, -5*s = -5*q. Let g be i(s). Let j be 6*((-96)/(-9))/g. What is the highest common factor of j and 1?
1
Let c = 1733 - -691. What is the highest common factor of c and 48?
24
Let w be 44 - ((-345)/105 + 2/7). Let c = -39 + w. Let i be (c/10)/(4/200). Calculate the greatest common divisor of 16 and i.
8
Let s(k) = 42*k + 2438. Let c be s(-53). Calculate the greatest common factor of 6254 and c.
106
Let x be (-9 - -10 - 6/(-2)) + 9. Let f be 11 - x/((-65)/10). What is the highest common factor of f and 26?
13
Let d be (10 - 72)*(-4)/8. Let q(w) = 17*w**2 + 6*w + 14. Let c be q(-8). What is the highest common divisor of d and c?
31
Suppose 4*c + 0*c = 3*x - 20, 6 = 4*x + 5*c. Suppose 2*f - 3*f = -t + 8, f + 35 = x*t. What is the greatest common factor of t and 288?
9
Suppose -609 = -4*c - 3*m, 12*c - 10*c = -4*m + 302. Suppose -208 = -4*v - 4*q, -5*v + v + 2*q + 202 = 0. Calculate the highest common divisor of c and v.
51
Suppose 5*n - 3051 = -14*h + 11*h, h + 3043 = 5*n. What is the highest common factor of 1131 and n?
87
Suppose 12*f - g = 10*f + 737, 0 = -3*f - g + 1093. Calculate the greatest common divisor of f and 1281.
183
Let c = 556 - -6679. Calculate the greatest common factor of c and 5.
5
Let v(b) = -9 - 269*b**2 - 25*b + 216*b**2 + 0*b**3 + 0*b**3 + 2*b**3. Let y be v(27). Calculate the greatest common factor of y and 60.
15
Let q be (-3 + -1)*1*-2. Suppose 3*k - 61 - 38 = 0. Suppose 0 = x + q - k. Calculate the highest common divisor of x and 10.
5
Let z be (-43)/(-9) - (-2)/9. Let a(n) = -14*n - 5. Let d be a(-4). Suppose -p + d = -4. What is the greatest common factor of p and z?
5
Suppose 4*v + 143*z = 138*z + 705, 8*v - 4*z - 1620 = 0. Let l be ((-1)/2)/((-1)/90). What is the highest common divisor of v and l?
15
Let w = -162 + 187. Let t be ((0/4)/2)/1. Suppose 4*s + t*s = -2*h + 6, s = -5*h + 24. Calculate the greatest common di